{"id":1437,"date":"2016-08-18T12:03:29","date_gmt":"2016-08-18T10:03:29","guid":{"rendered":"http:\/\/sz.musikverein-wesel.de\/?page_id=1437"},"modified":"2025-07-30T09:37:20","modified_gmt":"2025-07-30T07:37:20","slug":"verein","status":"publish","type":"page","link":"https:\/\/www.musikverein-wesel.de\/?page_id=1437","title":{"rendered":"Verein"},"content":{"rendered":"<p>[et_pb_section fb_built=&#8220;1&#8243; inner_shadow=&#8220;on&#8220; admin_label=&#8220;section&#8220; _builder_version=&#8220;3.0.74&#8243; background_color=&#8220;#f5f5f5&#8243;][et_pb_row admin_label=&#8220;row&#8220; _builder_version=&#8220;3.18.7&#8243; background_size=&#8220;initial&#8220; background_position=&#8220;top_left&#8220; background_repeat=&#8220;repeat&#8220;][et_pb_column type=&#8220;1_2&#8243; _builder_version=&#8220;3.0.47&#8243; parallax=&#8220;off&#8220; parallax_method=&#8220;on&#8220;][et_pb_image src=&#8220;https:\/\/www.musikverein-wesel.de\/wp-content\/uploads\/2024\/02\/vorstand-2024.jpg&#8220; show_in_lightbox=&#8220;on&#8220; _builder_version=&#8220;3.18.7&#8243;][\/et_pb_image][et_pb_text admin_label=&#8220;Text&#8220; _builder_version=&#8220;3.18.7&#8243; background_size=&#8220;initial&#8220; background_position=&#8220;top_left&#8220; background_repeat=&#8220;repeat&#8220; use_border_color=&#8220;off&#8220; border_color=&#8220;#ffffff&#8220; border_style=&#8220;solid&#8220;]<\/p>\n<h3><span color=\"#e02b20,\" style=\"color: #e02b20;\">Ansprechpartner<\/span><\/h3>\n<p><span color=\"#e02b20,\" style=\"color: #e02b20;\"><span style=\"color: #e02b20;\"><a href=\"mailto:info@musikverein-wesel.de\" style=\"color: #e02b20;\">Karl Schmitz<\/a><\/span>, <span style=\"color: #000000;\">1. Vorsitzender<\/span><\/span><br \/> <span>Telefon +49 281 50670 oder +49 151 43225164<\/span><\/p>\n<p><span style=\"font-weight: 400;\"><span style=\"color: #e02b20;\"><a href=\"mailto:sigismax.bachmann-brandt@t-online.de\" style=\"color: #e02b20;\">Dr. Max Brandt<\/a><\/span>, <span style=\"color: #000000;\">2. Vorsitzender<\/span><\/span><br \/> <span>Telefon +49 281 963300 oder +49 170 3405521<\/span><\/p>\n<p><span><span color=\"#e02b20,\"><a href=\"mailto:stephan.d.arnold@icloud.com\"><span style=\"color: #ff0000;\">Stephan Arnold<\/span><\/a>, Chorleiter<\/span><br \/> Telefon\u00a0+49179 4770940\u202c<\/span><\/p>\n<p><span style=\"font-weight: 400;\"><span style=\"color: #e02b20;\"><a href=\"mailto:Ingeborg.Deselaers-Pottgiesser@musikverein-wesel.de\" style=\"color: #e02b20;\">Ingeborg Deselaers-Pottgie\u00dfer<\/a><\/span>\u00a0und\u00a0<span><span style=\"color: #e02b20;\"><a href=\"mailto:bri.ehmer@gmail.com\" style=\"color: #e02b20;\">Brigitte Ehmer<\/a><\/span>, <span style=\"color: #000000;\">Schriftf\u00fchrerinnen<\/span><\/span><\/span><\/p>\n<p><span style=\"font-weight: 400;\"><span style=\"color: #e02b20;\"><a href=\"mailto:Eckhard.Westerheider@musikverein-wesel.de\" style=\"color: #e02b20;\">Eckhard Westerheider<\/a><\/span>, <span style=\"color: #000000;\">Schatzmeister<\/span><\/span><\/p>\n<p><span style=\"font-weight: 400;\"><span style=\"color: #e02b20;\"><a href=\"mailto:dorothea.vonderlinden@musikverein-wesel.de\" style=\"color: #e02b20;\">B\u00e4rbel Bremkens, Dorothea von der Linden<\/a>, <a href=\"mailto:matthias.gloede@musikverein-wesel.de\" style=\"color: #e02b20;\">Matthias Gloede\u00a0<\/a><\/span>und <span style=\"color: #e02b20;\"><a href=\"mailto:Klaus-Ulrich.Schmidt@musikverein-wesel.de\" style=\"color: #e02b20;\">Klaus-Ulrich Schmidt<\/a><\/span>, <span style=\"color: #000000;\">Beisitzer<\/span><\/span><\/p>\n<h3><span color=\"#e02b20,\"><a href=\"https:\/\/www.musikverein-wesel.de\/wp-content\/uploads\/2025\/07\/Satzung-des-Staedtischen-Musikvereins-Wesel-letzte-Fassung.pdf\" rel=\"attachment wp-att-5963\">Satzung des Sta\u0308dtischen Musikvereins Wesel 2019<\/a><\/span><\/h3>\n<p><span style=\"color: #000000;\"><\/span><\/p>\n<p>[\/et_pb_text][\/et_pb_column][et_pb_column type=&#8220;1_2&#8243; _builder_version=&#8220;3.0.47&#8243; parallax=&#8220;off&#8220; parallax_method=&#8220;on&#8220;][et_pb_text admin_label=&#8220;Text&#8220; _builder_version=&#8220;3.18.7&#8243; background_size=&#8220;initial&#8220; background_position=&#8220;top_left&#8220; background_repeat=&#8220;repeat&#8220; use_border_color=&#8220;off&#8220; border_color=&#8220;#ffffff&#8220; border_style=&#8220;solid&#8220;]<\/p>\n<h1>Der St\u00e4dtische Musikverein Wesel e.V.<\/h1>\n<h3>&#8211; ein Verein mit gro\u00dfer Tradition<\/h3>\n<p>Seit nun mehr als 100 Jahren veranstalten\u00a0wir anspruchsvolle Konzerte in Wesel . Verst\u00e4rkt m\u00f6chten wir uns in den kommenden\u00a0Jahren bem\u00fchen, das Interesse bei Kindern und Jugendlichen f\u00fcr\u00a0unsere Konzerte zu wecken.<\/p>\n<p><span style=\"color: #e02b20;\"><a href=\"https:\/\/www.musikverein-wesel.de\/?page_id=1707\" style=\"color: #e02b20;\">Mehr zur Vereinsgeschichte<\/a><\/span><\/p>\n<h1><span style=\"font-size: 22px; color: #333333;\">Am 22. Juni 2024 fand die 112. Jahreshauptversammlung des St\u00e4dtischen Musikvereins Wesel e.V. mit Wahl der Vorstandsmitglieder statt. Die Wahl ist f\u00fcr zwei Jahre g\u00fcltig!<\/span><\/h1>\n<p><span>Folgende Personen geh\u00f6ren nach Wahl dem Vorstand an:<\/span><\/p>\n<ul>\n<li>Karl Schmitz, 1. Vorsitzender<\/li>\n<li>Dr. Max Brandt, 2. Vorsitzender<br \/> hauptverantwortlich f\u00fcr die Planung der Konzertreihe im B\u00fchnenhaus<\/li>\n<li>Ingeborg Deselaers-Pottgie\u00dfer und\u00a0 Brigitte Ehmer,<br \/> 1. und 2. Schriftf\u00fchrerin<\/li>\n<li>Eckhard Westerheider, Schatzmeister<\/li>\n<li>B\u00e4rbel Bremkens, Dorothea von der Linden, Matthias Gloede und Klaus-Ulrich Schmidt, Beisitzer<\/li>\n<\/ul>\n<p>Unser Chorleiter Stephan Arnold geh\u00f6rt satzungsgem\u00e4\u00df dem Vorstand an.<\/p>\n<p><span style=\"font-size: 14px;\">Weitere Funktionstr\u00e4ger des Vereines sind die\u00a0 S<\/span>timmensprecher:\u00a0\u00a0Dr. Sigrid Bachmann-Brandt (Sopran), Karin Kahle (Alt), Thorsten Lacks (Tenor) und Rudolf H\u00fclsken (Bass).<\/p>\n<p>[\/et_pb_text][\/et_pb_column][\/et_pb_row][\/et_pb_section]<\/p>\n","protected":false},"excerpt":{"rendered":"<p>[et_pb_section fb_built=&#8220;1&#8243; inner_shadow=&#8220;on&#8220; admin_label=&#8220;section&#8220; _builder_version=&#8220;3.0.74&#8243; background_color=&#8220;#f5f5f5&#8243;][et_pb_row admin_label=&#8220;row&#8220; _builder_version=&#8220;3.18.7&#8243; background_size=&#8220;initial&#8220; background_position=&#8220;top_left&#8220; background_repeat=&#8220;repeat&#8220;][et_pb_column type=&#8220;1_2&#8243; _builder_version=&#8220;3.0.47&#8243; parallax=&#8220;off&#8220; parallax_method=&#8220;on&#8220;][et_pb_image src=&#8220;https:\/\/www.musikverein-wesel.de\/wp-content\/uploads\/2024\/02\/vorstand-2024.jpg&#8220; show_in_lightbox=&#8220;on&#8220; _builder_version=&#8220;3.18.7&#8243;][\/et_pb_image][et_pb_text admin_label=&#8220;Text&#8220; _builder_version=&#8220;3.18.7&#8243; background_size=&#8220;initial&#8220; background_position=&#8220;top_left&#8220; background_repeat=&#8220;repeat&#8220; use_border_color=&#8220;off&#8220; border_color=&#8220;#ffffff&#8220; border_style=&#8220;solid&#8220;] Ansprechpartner Karl Schmitz, 1. Vorsitzender Telefon +49 281 50670 oder +49 151 43225164 Dr. Max Brandt, 2. Vorsitzender Telefon +49 281 963300 oder +49 170 3405521 Stephan Arnold, Chorleiter [&hellip;]<\/p>\n","protected":false},"author":1,"featured_media":0,"parent":0,"menu_order":0,"comment_status":"closed","ping_status":"closed","template":"","meta":{"_et_pb_use_builder":"on","_et_pb_old_content":"","footnotes":""},"class_list":["post-1437","page","type-page","status-publish","hentry"],"_links":{"self":[{"href":"https:\/\/www.musikverein-wesel.de\/index.php?rest_route=\/wp\/v2\/pages\/1437","targetHints":{"allow":["GET"]}}],"collection":[{"href":"https:\/\/www.musikverein-wesel.de\/index.php?rest_route=\/wp\/v2\/pages"}],"about":[{"href":"https:\/\/www.musikverein-wesel.de\/index.php?rest_route=\/wp\/v2\/types\/page"}],"author":[{"embeddable":true,"href":"https:\/\/www.musikverein-wesel.de\/index.php?rest_route=\/wp\/v2\/users\/1"}],"replies":[{"embeddable":true,"href":"https:\/\/www.musikverein-wesel.de\/index.php?rest_route=%2Fwp%2Fv2%2Fcomments&post=1437"}],"version-history":[{"count":90,"href":"https:\/\/www.musikverein-wesel.de\/index.php?rest_route=\/wp\/v2\/pages\/1437\/revisions"}],"predecessor-version":[{"id":5985,"href":"https:\/\/www.musikverein-wesel.de\/index.php?rest_route=\/wp\/v2\/pages\/1437\/revisions\/5985"}],"wp:attachment":[{"href":"https:\/\/www.musikverein-wesel.de\/index.php?rest_route=%2Fwp%2Fv2%2Fmedia&parent=1437"}],"curies":[{"name":"wp","href":"https:\/\/api.w.org\/{rel}","templated":true}]}}

<p>[et_pb_section fb_built=&#8220;1&#8243; inner_shadow=&#8220;on&#8220; admin_label=&#8220;section&#8220; _builder_version=&#8220;3.0.74&#8243; background_color=&#8220;#f5f5f5&#8243;][et_pb_row admin_label=&#8220;row&#8220; _builder_version=&#8220;3.18.7&#8243; background_size=&#8220;initial&#8220; background_position=&#8220;top_left&#8220; background_repeat=&#8220;repeat&#8220;][et_pb_column type=&#8220;1_2&#8243; _builder_version=&#8220;3.0.47&#8243; parallax=&#8220;off&#8220; parallax_method=&#8220;on&#8220;][et_pb_image src=&#8220;https://www.musikverein-wesel.de/wp-content/uploads/2024/02/vorstand-2024.jpg&#8220; show_in_lightbox=&#8220;on&#8220; _builder_version=&#8220;3.18.7&#8243;][/et_pb_image][et_pb_text admin_label=&#8220;Text&#8220; _builder_version=&#8220;3.18.7&#8243; background_size=&#8220;initial&#8220; background_position=&#8220;top_left&#8220; background_repeat=&#8220;repeat&#8220; use_border_color=&#8220;off&#8220; border_color=&#8220;#ffffff&#8220; border_style=&#8220;solid&#8220;]</p>
<h3><span color="#e02b20," style="color: #e02b20;">Ansprechpartner</span></h3>
<p><span color="#e02b20," style="color: #e02b20;"><span style="color: #e02b20;"><a href="mailto:info@musikverein-wesel.de" style="color: #e02b20;">Karl Schmitz</a></span>, <span style="color: #000000;">1. Vorsitzender</span></span><br /> <span>Telefon +49 281 50670 oder +49 151 43225164</span></p>
<p><span style="font-weight: 400;"><span style="color: #e02b20;"><a href="mailto:sigismax.bachmann-brandt@t-online.de" style="color: #e02b20;">Dr. Max Brandt</a></span>, <span style="color: #000000;">2. Vorsitzender</span></span><br /> <span>Telefon +49 281 963300 oder +49 170 3405521</span></p>
<p><span><span color="#e02b20,"><a href="mailto:stephan.d.arnold@icloud.com"><span style="color: #ff0000;">Stephan Arnold</span></a>, Chorleiter</span><br /> Telefon +49179 4770940‬</span></p>
<p><span style="font-weight: 400;"><span style="color: #e02b20;"><a href="mailto:Ingeborg.Deselaers-Pottgiesser@musikverein-wesel.de" style="color: #e02b20;">Ingeborg Deselaers-Pottgießer</a></span> und <span><span style="color: #e02b20;"><a href="mailto:bri.ehmer@gmail.com" style="color: #e02b20;">Brigitte Ehmer</a></span>, <span style="color: #000000;">Schriftführerinnen</span></span></span></p>
<p><span style="font-weight: 400;"><span style="color: #e02b20;"><a href="mailto:Eckhard.Westerheider@musikverein-wesel.de" style="color: #e02b20;">Eckhard Westerheider</a></span>, <span style="color: #000000;">Schatzmeister</span></span></p>
<p><span style="font-weight: 400;"><span style="color: #e02b20;"><a href="mailto:dorothea.vonderlinden@musikverein-wesel.de" style="color: #e02b20;">Bärbel Bremkens, Dorothea von der Linden</a>, <a href="mailto:matthias.gloede@musikverein-wesel.de" style="color: #e02b20;">Matthias Gloede </a></span>und <span style="color: #e02b20;"><a href="mailto:Klaus-Ulrich.Schmidt@musikverein-wesel.de" style="color: #e02b20;">Klaus-Ulrich Schmidt</a></span>, <span style="color: #000000;">Beisitzer</span></span></p>
<h3><span color="#e02b20,"><a href="https://www.musikverein-wesel.de/wp-content/uploads/2025/07/Satzung-des-Staedtischen-Musikvereins-Wesel-letzte-Fassung.pdf" rel="attachment wp-att-5963">Satzung des Städtischen Musikvereins Wesel 2019</a></span></h3>
<p><span style="color: #000000;"></span></p>
<p>[/et_pb_text][/et_pb_column][et_pb_column type=&#8220;1_2&#8243; _builder_version=&#8220;3.0.47&#8243; parallax=&#8220;off&#8220; parallax_method=&#8220;on&#8220;][et_pb_text admin_label=&#8220;Text&#8220; _builder_version=&#8220;3.18.7&#8243; background_size=&#8220;initial&#8220; background_position=&#8220;top_left&#8220; background_repeat=&#8220;repeat&#8220; use_border_color=&#8220;off&#8220; border_color=&#8220;#ffffff&#8220; border_style=&#8220;solid&#8220;]</p>
<h1>Der Städtische Musikverein Wesel e.V.</h1>
<h3>&#8211; ein Verein mit großer Tradition</h3>
<p>Seit nun mehr als 100 Jahren veranstalten wir anspruchsvolle Konzerte in Wesel . Verstärkt möchten wir uns in den kommenden Jahren bemühen, das Interesse bei Kindern und Jugendlichen für unsere Konzerte zu wecken.</p>
<p><span style="color: #e02b20;"><a href="https://www.musikverein-wesel.de/?page_id=1707" style="color: #e02b20;">Mehr zur Vereinsgeschichte</a></span></p>
<h1><span style="font-size: 22px; color: #333333;">Am 22. Juni 2024 fand die 112. Jahreshauptversammlung des Städtischen Musikvereins Wesel e.V. mit Wahl der Vorstandsmitglieder statt. Die Wahl ist für zwei Jahre gültig!</span></h1>
<p><span>Folgende Personen gehören nach Wahl dem Vorstand an:</span></p>
<ul>
<li>Karl Schmitz, 1. Vorsitzender</li>
<li>Dr. Max Brandt, 2. Vorsitzender<br /> hauptverantwortlich für die Planung der Konzertreihe im Bühnenhaus</li>
<li>Ingeborg Deselaers-Pottgießer und  Brigitte Ehmer,<br /> 1. und 2. Schriftführerin</li>
<li>Eckhard Westerheider, Schatzmeister</li>
<li>Bärbel Bremkens, Dorothea von der Linden, Matthias Gloede und Klaus-Ulrich Schmidt, Beisitzer</li>
</ul>
<p>Unser Chorleiter Stephan Arnold gehört satzungsgemäß dem Vorstand an.</p>
<p><span style="font-size: 14px;">Weitere Funktionsträger des Vereines sind die  S</span>timmensprecher:  Dr. Sigrid Bachmann-Brandt (Sopran), Karin Kahle (Alt), Thorsten Lacks (Tenor) und Rudolf Hülsken (Bass).</p>
<p>[/et_pb_text][/et_pb_column][/et_pb_row][/et_pb_section]</p>
