{"id":1707,"date":"2016-08-31T12:25:28","date_gmt":"2016-08-31T10:25:28","guid":{"rendered":"http:\/\/sz.musikverein-wesel.de\/?page_id=1707"},"modified":"2025-10-06T18:04:52","modified_gmt":"2025-10-06T16:04:52","slug":"geschichte","status":"publish","type":"page","link":"https:\/\/www.musikverein-wesel.de\/?page_id=1707","title":{"rendered":"Geschichte"},"content":{"rendered":"<p>[et_pb_section fb_built=&#8220;1&#8243; admin_label=&#8220;section&#8220; _builder_version=&#8220;3.0.47&#8243;][et_pb_row admin_label=&#8220;row&#8220; _builder_version=&#8220;3.0.48&#8243; background_size=&#8220;initial&#8220; background_position=&#8220;top_left&#8220; background_repeat=&#8220;repeat&#8220;][et_pb_column type=&#8220;1_4&#8243; _builder_version=&#8220;3.0.47&#8243; parallax=&#8220;off&#8220; parallax_method=&#8220;on&#8220;][et_pb_image src=&#8220;https:\/\/www.musikverein-wesel.de\/wp-content\/uploads\/2016\/08\/signet-2a.jpg&#8220; admin_label=&#8220;Bild&#8220; _builder_version=&#8220;3.0.87&#8243; animation_style=&#8220;slide&#8220; animation_direction=&#8220;left&#8220; animation_duration=&#8220;500ms&#8220; animation_intensity_slide=&#8220;10%&#8220; animation=&#8220;left&#8220; sticky=&#8220;off&#8220; use_border_color=&#8220;off&#8220; border_color=&#8220;#ffffff&#8220; border_style=&#8220;solid&#8220;]&nbsp;<br \/>\n[\/et_pb_image][\/et_pb_column][et_pb_column type=&#8220;3_4&#8243; _builder_version=&#8220;3.0.47&#8243; parallax=&#8220;off&#8220; parallax_method=&#8220;on&#8220;][et_pb_text admin_label=&#8220;Text&#8220; _builder_version=&#8220;3.18.7&#8243; background_size=&#8220;initial&#8220; background_position=&#8220;top_left&#8220; background_repeat=&#8220;repeat&#8220; use_border_color=&#8220;off&#8220; border_color=&#8220;#ffffff&#8220; border_style=&#8220;solid&#8220;]<\/p>\n<h3 style=\"text-align: justify;\">Aus der Vereinsgeschichte<\/h3>\n<p style=\"text-align: justify;\"><strong>Die Anf\u00e4nge<\/strong><\/p>\n<p style=\"text-align: justify;\">Eine Wohlt\u00e4tigkeitsveranstaltung des \u201eVaterl\u00e4ndischen Frauenvereins\u201c unter dem Vorsitz\u00a0 von Paula Poppelbaum, der Frau des damaligen B\u00fcrgermeisters Poppelbaum, bot im Winter 1912 etwas Au\u00dfergew\u00f6hnliches:\u00a0Ein eigens f\u00fcr diesen Anlass gegr\u00fcndeter Chor unter der Leitung des k\u00fcnstlerisch hoch begabten Musiklehrers Paul Wolff gab ein viel beachtetes Konzert. Der gro\u00dfe Erfolg f\u00fchrte zum Entschluss zusammen zu bleiben, zumal der \u201eAllgemeine Gesangverein\u201c Jahre vorher seine Aktivit\u00e4ten eingestellt hatte. Der Chor gab sich den Namen \u201eMusikverein Wesel\u201c; erster Vorsitzender wurde der Klavierbauer Karl Adam. Ziel der Vereinigung war die Auff\u00fchrung von zwei Chor- und sechs Meisterkonzerten in jedem Winterhalbjahr, zu denen nur namhafte Solisten, K\u00fcnstler und Ensembles verpflichtet werden sollten.<\/p>\n<p style=\"text-align: justify;\">Mit ungeheurem Schwung ging man an die Arbeit, und bereits im November 1913 gab es zwei glanzvolle Konzerte: Zur Auff\u00fchrung von H\u00e4ndels \u201eJudas Maccab\u00e4us\u201c reiste aus Hamburg der H\u00e4ndel Forscher und -Herausgeber Chrysander nach Wesel. Knapp drei Wochen sp\u00e4ter war Max Reger in einem Klavierabend mit eigenen Werken zu bewundern. Regers besondere Verbundenheit zu Wesel resultierte aus der Freundschaft zu Karl Straube, seinerzeit Organist am Willibrordi-Dom und sp\u00e4ter Thomaskantor in Leipzig, der eine Reihe von Regers Orgelwerken in Wesel urauff\u00fchrte.<br \/> Obwohl der Erste Weltkrieg die Aktivit\u00e4ten erheblich beeintr\u00e4chtigte, konnten auch in dieser Zeit gro\u00dfe Chorwerke aufgef\u00fchrt wer den. In den 20er Jahren wurde der Musikverein im Konzertleben eine feste Gr\u00f6\u00dfe am gesamten Niederrhein. Von Emmerich bis Oberhausen reichte die Zahl der Abonnenten.<br \/> \u00dcberliefert ist, dass B\u00fcrgermeister Poppelbaum eine nicht enden wollende Stadtverordneten-Sitzung mit der Bemerkung abbrach: \u201eMeine Herren, im Gemeindehaus ist gleich ein Meisterkonzert des Musikvereins, das wir doch nicht vers\u00e4umen wollen. Zu den restlichen Punkten darf ich Sie morgen zu einer weiteren Aussprache bitten\u201c.<br \/> Der seit dem Ende der 20er Jahre g\u00fcltige Zusatz \u201eSt\u00e4dtisch\u201c im Vereinsnamen geht auf eine Eigenm\u00e4chtigkeit des Vorstandes zur\u00fcck. Auf einem Werbeplakat (entworfen von dem Maler Paul Oppenberg) sollte die starke Anlehnung an die Stadt sichtbar werden. Da die Plakate gedruckt werden mussten, der B\u00fcrgermeister aber f\u00fcr mehrere Wochen in Urlaub gefahren war, konnte man die Genehmigung nicht mehr einholen. Die nachtr\u00e4gliche Zustimmung ist dann nicht versagt worden. Aber auch mit diesem Zusatz hat der Verein bis heute seine Eigenst\u00e4ndigkeit gewahrt.<\/p>\n<h4 style=\"text-align: justify;\">Nachkriegszeit<\/h4>\n<p style=\"text-align: justify;\">Die Katastrophe der Zerst\u00f6rung Wesels im Fr\u00fchjahr 1945 begrub auch das Vereinsleben v\u00f6llig. Aber schon im Mai 1946 rief Chorleiter Heinz Kirch zur Neugr\u00fcndung des Chores auf. Neben den wenigen Mitgliedern aus der Zeit vor dem Kriege fanden sich binnen Wochen viele junge Stimmen, die trotz schwierigster Bedingungen &#8211; im Winter musste jeder Chorist ein Brikett zum Beheizen des Probenraums beisteuern &#8211; mit viel Idealismus eine neue Chorgemeinschaft formten. Auch Kammermusiken und Liederabende wurden wieder veranstaltet. Bald konnte das hohe k\u00fcnstlerische Niveau der Vorkriegsjahre erreicht oder gar \u00fcbertroffen werden.<br \/> Seit 1949 gab es dann auch wieder einen gew\u00e4hlten Vereinsvorstand. Dem neuen Vorsitzenden Dr. Arno Br\u00fcggentisch standen mit Hanni Br\u00f6ckerhoff, Heinz G\u00fcnzing, Kurt Heidel und Karl M\u00f6lders Idealisten zur Seite, die sich ehrenamtlich \u00fcber Jahrzehnte bis zu ihrem Tode mit unerm\u00fcdlichem Einsatz um die Entwicklung des Vereins bleibende Verdienste erworben haben.<br \/> Das Wort von der gro\u00dfen Vereinsfamilie trifft auf den heute etwa 220 Mitglieder z\u00e4hlenden St\u00e4dtischen Musikverein Wesel e.V. in besonderem Ma\u00dfe zu. Vorstandsarbeit und Chorleitung tragen das G\u00fctesiegel einer langj\u00e4hrigen Kontinuit\u00e4t. Der seit 2006 amtierende Vorsitzende Dr. Hans-Eckhard Scholz hat in der 90j\u00e4hrigen Vereinsgeschichte lediglich sechs Vorg\u00e4nger: nach Karl Adam f\u00fcr \u201enur\u201c 3 Jahre Dr. Arno Br\u00fcggentisch, dann bis 1973 Wesels Ehrenb\u00fcrger Dr. Hans Tienes, zwei Jahrzehnte Ernst-Otto Eberhardt, Carlo Buschmann und danach Fritz Franck. Von 2006 bis 2014 leitete Dr. Hans Scholz erfolgreich die Geschicke des Vereins. Von 2014 bis zu ihrem pl\u00f6tzlichen Tod \u00a0am 13.12.2018 war Renate Br\u00fctzel die 1. Vorsitzende, ihr folgte am 11. Juli 2019 Karl Schmitz als 1. Vorsitzender.<br \/> Dem im Ersten Weltkrieg gefallenen Dirigenten Paul Wolff folgten Dr. Eduard Kreuzhage, 1924 Karl Plato und 1935 Heinz Kirch, dem f\u00fcr seine \u00fcber 40 (!) Jahre geleistete Chorarbeit die Stadt Wesel den Ehrenring verlieh. Seit 1977 bis zum November 2003 leitete Volker Haubitz den heute 60 Mitglieder z\u00e4hlenden Chor.<\/p>\n<h4 style=\"text-align: justify;\">Aufbruch<\/h4>\n<p style=\"text-align: justify;\">Von 2004 bis April 2018 war Hans-G\u00fcnther Bothe Chorleiter und hat mit dem Chor zahlreiche, f\u00fcr S\u00e4ngerinnen und S\u00e4nger wie auch f\u00fcr die Zuh\u00f6rer noch unbekannte Werke sorgf\u00e4tig einstudiert und erfolgreich aufgef\u00fchrt.<\/p>\n<p style=\"text-align: justify;\">Von September 2018 bis Januar 2021 war Dominik Giesen Chorleiter des St\u00e4dtischen Musikvereins Wesel. Mit neuen Ideen und viel Elan hat er Bew\u00e4hrtes und Neues in das Chorprogramm einbezogen. Seit November 2021 ist Stephan Arnold der Chorleiter des St\u00e4dtischen Musikvereins. Auch er hat schon in den wenigen Monaten seines Wirkens sehr ansprechende Ideen in die Chorarbeit des Vereins eingebracht.<\/p>\n<p style=\"text-align: justify;\">Die st\u00e4dtische Anerkennung der kulturellen Arbeit des Musikvereins als Konzertveranstalter zeigt sich in einer regelm\u00e4\u00dfigen finanziellen F\u00f6rderung. Steigende Kosten und gek\u00fcrzte Zusch\u00fcsse machten es jedoch immer schwieriger, das im weiten Umkreis gesch\u00e4tzte hohe Niveau der Abonnementkonzerte zu halten. Um eine Verringerung des Angebots zu vermeiden, wurden im Jahre 1997 die bis dahin getrennten Konzertreihen des Musikvereins und der Stadt Wesel zusammengef\u00fchrt.<br \/> Die vom Publikum bestens angenommene neue Reihe enth\u00e4lt seitdem vier Kammermusikabende und drei Orchesterkonzerte, die alle im St\u00e4dtischen B\u00fchnenhaus stattfinden.<\/p>\n<p style=\"text-align: justify;\">1999 erweiterte der Musikverein in Zusammenarbeit mit der Musik- und Kunstschule, der Stadt Wesel und der Firma KAWAI sein Konzertangebot. Einmal monatlich von Mai bis August gastieren beim &#8222;Weseler Klaviersommer&#8220; in der Aula der Jugendmusik- und Kunstschule internationale junge K\u00fcnstler. Diese \u201ekleine\u201c Reihe erfreut sich mittlerweile gro\u00dfer Beliebtheit.<\/p>\n<p>[\/et_pb_text][\/et_pb_column][\/et_pb_row][\/et_pb_section]<\/p>\n","protected":false},"excerpt":{"rendered":"<p>[et_pb_section fb_built=&#8220;1&#8243; admin_label=&#8220;section&#8220; _builder_version=&#8220;3.0.47&#8243;][et_pb_row admin_label=&#8220;row&#8220; _builder_version=&#8220;3.0.48&#8243; background_size=&#8220;initial&#8220; background_position=&#8220;top_left&#8220; background_repeat=&#8220;repeat&#8220;][et_pb_column type=&#8220;1_4&#8243; _builder_version=&#8220;3.0.47&#8243; parallax=&#8220;off&#8220; parallax_method=&#8220;on&#8220;][et_pb_image src=&#8220;https:\/\/www.musikverein-wesel.de\/wp-content\/uploads\/2016\/08\/signet-2a.jpg&#8220; admin_label=&#8220;Bild&#8220; _builder_version=&#8220;3.0.87&#8243; animation_style=&#8220;slide&#8220; animation_direction=&#8220;left&#8220; animation_duration=&#8220;500ms&#8220; animation_intensity_slide=&#8220;10%&#8220; animation=&#8220;left&#8220; sticky=&#8220;off&#8220; use_border_color=&#8220;off&#8220; border_color=&#8220;#ffffff&#8220; border_style=&#8220;solid&#8220;]&nbsp; [\/et_pb_image][\/et_pb_column][et_pb_column type=&#8220;3_4&#8243; _builder_version=&#8220;3.0.47&#8243; parallax=&#8220;off&#8220; parallax_method=&#8220;on&#8220;][et_pb_text admin_label=&#8220;Text&#8220; _builder_version=&#8220;3.18.7&#8243; background_size=&#8220;initial&#8220; background_position=&#8220;top_left&#8220; background_repeat=&#8220;repeat&#8220; use_border_color=&#8220;off&#8220; border_color=&#8220;#ffffff&#8220; border_style=&#8220;solid&#8220;] Aus der Vereinsgeschichte Die Anf\u00e4nge Eine Wohlt\u00e4tigkeitsveranstaltung des \u201eVaterl\u00e4ndischen Frauenvereins\u201c unter dem Vorsitz\u00a0 von Paula Poppelbaum, der [&hellip;]<\/p>\n","protected":false},"author":1,"featured_media":0,"parent":0,"menu_order":0,"comment_status":"closed","ping_status":"closed","template":"","meta":{"_et_pb_use_builder":"on","_et_pb_old_content":"","footnotes":""},"class_list":["post-1707","page","type-page","status-publish","hentry"],"_links":{"self":[{"href":"https:\/\/www.musikverein-wesel.de\/index.php?rest_route=\/wp\/v2\/pages\/1707","targetHints":{"allow":["GET"]}}],"collection":[{"href":"https:\/\/www.musikverein-wesel.de\/index.php?rest_route=\/wp\/v2\/pages"}],"about":[{"href":"https:\/\/www.musikverein-wesel.de\/index.php?rest_route=\/wp\/v2\/types\/page"}],"author":[{"embeddable":true,"href":"https:\/\/www.musikverein-wesel.de\/index.php?rest_route=\/wp\/v2\/users\/1"}],"replies":[{"embeddable":true,"href":"https:\/\/www.musikverein-wesel.de\/index.php?rest_route=%2Fwp%2Fv2%2Fcomments&post=1707"}],"version-history":[{"count":11,"href":"https:\/\/www.musikverein-wesel.de\/index.php?rest_route=\/wp\/v2\/pages\/1707\/revisions"}],"predecessor-version":[{"id":6031,"href":"https:\/\/www.musikverein-wesel.de\/index.php?rest_route=\/wp\/v2\/pages\/1707\/revisions\/6031"}],"wp:attachment":[{"href":"https:\/\/www.musikverein-wesel.de\/index.php?rest_route=%2Fwp%2Fv2%2Fmedia&parent=1707"}],"curies":[{"name":"wp","href":"https:\/\/api.w.org\/{rel}","templated":true}]}}

<p>[et_pb_section fb_built=&#8220;1&#8243; admin_label=&#8220;section&#8220; _builder_version=&#8220;3.0.47&#8243;][et_pb_row admin_label=&#8220;row&#8220; _builder_version=&#8220;3.0.48&#8243; background_size=&#8220;initial&#8220; background_position=&#8220;top_left&#8220; background_repeat=&#8220;repeat&#8220;][et_pb_column type=&#8220;1_4&#8243; _builder_version=&#8220;3.0.47&#8243; parallax=&#8220;off&#8220; parallax_method=&#8220;on&#8220;][et_pb_image src=&#8220;https://www.musikverein-wesel.de/wp-content/uploads/2016/08/signet-2a.jpg&#8220; admin_label=&#8220;Bild&#8220; _builder_version=&#8220;3.0.87&#8243; animation_style=&#8220;slide&#8220; animation_direction=&#8220;left&#8220; animation_duration=&#8220;500ms&#8220; animation_intensity_slide=&#8220;10%&#8220; animation=&#8220;left&#8220; sticky=&#8220;off&#8220; use_border_color=&#8220;off&#8220; border_color=&#8220;#ffffff&#8220; border_style=&#8220;solid&#8220;]&nbsp;<br />
[/et_pb_image][/et_pb_column][et_pb_column type=&#8220;3_4&#8243; _builder_version=&#8220;3.0.47&#8243; parallax=&#8220;off&#8220; parallax_method=&#8220;on&#8220;][et_pb_text admin_label=&#8220;Text&#8220; _builder_version=&#8220;3.18.7&#8243; background_size=&#8220;initial&#8220; background_position=&#8220;top_left&#8220; background_repeat=&#8220;repeat&#8220; use_border_color=&#8220;off&#8220; border_color=&#8220;#ffffff&#8220; border_style=&#8220;solid&#8220;]</p>
<h3 style="text-align: justify;">Aus der Vereinsgeschichte</h3>
<p style="text-align: justify;"><strong>Die Anfänge</strong></p>
<p style="text-align: justify;">Eine Wohltätigkeitsveranstaltung des „Vaterländischen Frauenvereins“ unter dem Vorsitz  von Paula Poppelbaum, der Frau des damaligen Bürgermeisters Poppelbaum, bot im Winter 1912 etwas Außergewöhnliches: Ein eigens für diesen Anlass gegründeter Chor unter der Leitung des künstlerisch hoch begabten Musiklehrers Paul Wolff gab ein viel beachtetes Konzert. Der große Erfolg führte zum Entschluss zusammen zu bleiben, zumal der „Allgemeine Gesangverein“ Jahre vorher seine Aktivitäten eingestellt hatte. Der Chor gab sich den Namen „Musikverein Wesel“; erster Vorsitzender wurde der Klavierbauer Karl Adam. Ziel der Vereinigung war die Aufführung von zwei Chor- und sechs Meisterkonzerten in jedem Winterhalbjahr, zu denen nur namhafte Solisten, Künstler und Ensembles verpflichtet werden sollten.</p>
<p style="text-align: justify;">Mit ungeheurem Schwung ging man an die Arbeit, und bereits im November 1913 gab es zwei glanzvolle Konzerte: Zur Aufführung von Händels „Judas Maccabäus“ reiste aus Hamburg der Händel Forscher und -Herausgeber Chrysander nach Wesel. Knapp drei Wochen später war Max Reger in einem Klavierabend mit eigenen Werken zu bewundern. Regers besondere Verbundenheit zu Wesel resultierte aus der Freundschaft zu Karl Straube, seinerzeit Organist am Willibrordi-Dom und später Thomaskantor in Leipzig, der eine Reihe von Regers Orgelwerken in Wesel uraufführte.<br /> Obwohl der Erste Weltkrieg die Aktivitäten erheblich beeinträchtigte, konnten auch in dieser Zeit große Chorwerke aufgeführt wer den. In den 20er Jahren wurde der Musikverein im Konzertleben eine feste Größe am gesamten Niederrhein. Von Emmerich bis Oberhausen reichte die Zahl der Abonnenten.<br /> Überliefert ist, dass Bürgermeister Poppelbaum eine nicht enden wollende Stadtverordneten-Sitzung mit der Bemerkung abbrach: „Meine Herren, im Gemeindehaus ist gleich ein Meisterkonzert des Musikvereins, das wir doch nicht versäumen wollen. Zu den restlichen Punkten darf ich Sie morgen zu einer weiteren Aussprache bitten“.<br /> Der seit dem Ende der 20er Jahre gültige Zusatz „Städtisch“ im Vereinsnamen geht auf eine Eigenmächtigkeit des Vorstandes zurück. Auf einem Werbeplakat (entworfen von dem Maler Paul Oppenberg) sollte die starke Anlehnung an die Stadt sichtbar werden. Da die Plakate gedruckt werden mussten, der Bürgermeister aber für mehrere Wochen in Urlaub gefahren war, konnte man die Genehmigung nicht mehr einholen. Die nachträgliche Zustimmung ist dann nicht versagt worden. Aber auch mit diesem Zusatz hat der Verein bis heute seine Eigenständigkeit gewahrt.</p>
<h4 style="text-align: justify;">Nachkriegszeit</h4>
<p style="text-align: justify;">Die Katastrophe der Zerstörung Wesels im Frühjahr 1945 begrub auch das Vereinsleben völlig. Aber schon im Mai 1946 rief Chorleiter Heinz Kirch zur Neugründung des Chores auf. Neben den wenigen Mitgliedern aus der Zeit vor dem Kriege fanden sich binnen Wochen viele junge Stimmen, die trotz schwierigster Bedingungen &#8211; im Winter musste jeder Chorist ein Brikett zum Beheizen des Probenraums beisteuern &#8211; mit viel Idealismus eine neue Chorgemeinschaft formten. Auch Kammermusiken und Liederabende wurden wieder veranstaltet. Bald konnte das hohe künstlerische Niveau der Vorkriegsjahre erreicht oder gar übertroffen werden.<br /> Seit 1949 gab es dann auch wieder einen gewählten Vereinsvorstand. Dem neuen Vorsitzenden Dr. Arno Brüggentisch standen mit Hanni Bröckerhoff, Heinz Günzing, Kurt Heidel und Karl Mölders Idealisten zur Seite, die sich ehrenamtlich über Jahrzehnte bis zu ihrem Tode mit unermüdlichem Einsatz um die Entwicklung des Vereins bleibende Verdienste erworben haben.<br /> Das Wort von der großen Vereinsfamilie trifft auf den heute etwa 220 Mitglieder zählenden Städtischen Musikverein Wesel e.V. in besonderem Maße zu. Vorstandsarbeit und Chorleitung tragen das Gütesiegel einer langjährigen Kontinuität. Der seit 2006 amtierende Vorsitzende Dr. Hans-Eckhard Scholz hat in der 90jährigen Vereinsgeschichte lediglich sechs Vorgänger: nach Karl Adam für „nur“ 3 Jahre Dr. Arno Brüggentisch, dann bis 1973 Wesels Ehrenbürger Dr. Hans Tienes, zwei Jahrzehnte Ernst-Otto Eberhardt, Carlo Buschmann und danach Fritz Franck. Von 2006 bis 2014 leitete Dr. Hans Scholz erfolgreich die Geschicke des Vereins. Von 2014 bis zu ihrem plötzlichen Tod  am 13.12.2018 war Renate Brützel die 1. Vorsitzende, ihr folgte am 11. Juli 2019 Karl Schmitz als 1. Vorsitzender.<br /> Dem im Ersten Weltkrieg gefallenen Dirigenten Paul Wolff folgten Dr. Eduard Kreuzhage, 1924 Karl Plato und 1935 Heinz Kirch, dem für seine über 40 (!) Jahre geleistete Chorarbeit die Stadt Wesel den Ehrenring verlieh. Seit 1977 bis zum November 2003 leitete Volker Haubitz den heute 60 Mitglieder zählenden Chor.</p>
<h4 style="text-align: justify;">Aufbruch</h4>
<p style="text-align: justify;">Von 2004 bis April 2018 war Hans-Günther Bothe Chorleiter und hat mit dem Chor zahlreiche, für Sängerinnen und Sänger wie auch für die Zuhörer noch unbekannte Werke sorgfätig einstudiert und erfolgreich aufgeführt.</p>
<p style="text-align: justify;">Von September 2018 bis Januar 2021 war Dominik Giesen Chorleiter des Städtischen Musikvereins Wesel. Mit neuen Ideen und viel Elan hat er Bewährtes und Neues in das Chorprogramm einbezogen. Seit November 2021 ist Stephan Arnold der Chorleiter des Städtischen Musikvereins. Auch er hat schon in den wenigen Monaten seines Wirkens sehr ansprechende Ideen in die Chorarbeit des Vereins eingebracht.</p>
<p style="text-align: justify;">Die städtische Anerkennung der kulturellen Arbeit des Musikvereins als Konzertveranstalter zeigt sich in einer regelmäßigen finanziellen Förderung. Steigende Kosten und gekürzte Zuschüsse machten es jedoch immer schwieriger, das im weiten Umkreis geschätzte hohe Niveau der Abonnementkonzerte zu halten. Um eine Verringerung des Angebots zu vermeiden, wurden im Jahre 1997 die bis dahin getrennten Konzertreihen des Musikvereins und der Stadt Wesel zusammengeführt.<br /> Die vom Publikum bestens angenommene neue Reihe enthält seitdem vier Kammermusikabende und drei Orchesterkonzerte, die alle im Städtischen Bühnenhaus stattfinden.</p>
<p style="text-align: justify;">1999 erweiterte der Musikverein in Zusammenarbeit mit der Musik- und Kunstschule, der Stadt Wesel und der Firma KAWAI sein Konzertangebot. Einmal monatlich von Mai bis August gastieren beim &#8222;Weseler Klaviersommer&#8220; in der Aula der Jugendmusik- und Kunstschule internationale junge Künstler. Diese „kleine“ Reihe erfreut sich mittlerweile großer Beliebtheit.</p>
<p>[/et_pb_text][/et_pb_column][/et_pb_row][/et_pb_section]</p>

<p>[et_pb_section fb_built=&#8220;1&#8243; admin_label=&#8220;section&#8220; _builder_version=&#8220;3.0.47&#8243;][et_pb_row admin_label=&#8220;row&#8220; _builder_version=&#8220;3.0.48&#8243; background_size=&#8220;initial&#8220; background_position=&#8220;top_left&#8220; background_repeat=&#8220;repeat&#8220;][et_pb_column type=&#8220;1_4&#8243; _builder_version=&#8220;3.0.47&#8243; parallax=&#8220;off&#8220; parallax_method=&#8220;on&#8220;][et_pb_image src=&#8220;https://www.musikverein-wesel.de/wp-content/uploads/2016/08/signet-2a.jpg&#8220; admin_label=&#8220;Bild&#8220; _builder_version=&#8220;3.0.87&#8243; animation_style=&#8220;slide&#8220; animation_direction=&#8220;left&#8220; animation_duration=&#8220;500ms&#8220; animation_intensity_slide=&#8220;10%&#8220; animation=&#8220;left&#8220; sticky=&#8220;off&#8220; use_border_color=&#8220;off&#8220; border_color=&#8220;#ffffff&#8220; border_style=&#8220;solid&#8220;]&nbsp; [/et_pb_image][/et_pb_column][et_pb_column type=&#8220;3_4&#8243; _builder_version=&#8220;3.0.47&#8243; parallax=&#8220;off&#8220; parallax_method=&#8220;on&#8220;][et_pb_text admin_label=&#8220;Text&#8220; _builder_version=&#8220;3.18.7&#8243; background_size=&#8220;initial&#8220; background_position=&#8220;top_left&#8220; background_repeat=&#8220;repeat&#8220; use_border_color=&#8220;off&#8220; border_color=&#8220;#ffffff&#8220; border_style=&#8220;solid&#8220;] Aus der Vereinsgeschichte Die Anfänge Eine Wohltätigkeitsveranstaltung des „Vaterländischen Frauenvereins“ unter dem Vorsitz  von Paula Poppelbaum, der [&hellip;]</p>
