{"id":3384,"date":"2019-08-10T11:34:08","date_gmt":"2019-08-10T09:34:08","guid":{"rendered":"http:\/\/www.musikverein-wesel.de\/?page_id=3384"},"modified":"2019-08-10T11:34:15","modified_gmt":"2019-08-10T09:34:15","slug":"chorordnung","status":"publish","type":"page","link":"https:\/\/www.musikverein-wesel.de\/?page_id=3384","title":{"rendered":"Chorordnung"},"content":{"rendered":"<p>[et_pb_section fb_built=&#8220;1&#8243; _builder_version=&#8220;3.18.7&#8243;][et_pb_row _builder_version=&#8220;3.18.7&#8243;][et_pb_column type=&#8220;4_4&#8243; _builder_version=&#8220;3.18.7&#8243; parallax=&#8220;off&#8220; parallax_method=&#8220;on&#8220;][et_pb_text _builder_version=&#8220;3.18.7&#8243;]<\/p>\n<p class=\"western\"><span size=\"4\" style=\"font-size: large;\"><b>Chorordnung f\u00fcr den Chor des St\u00e4dtischen-Musikvereins Wesel e.V.<\/b><\/span><\/p>\n<p class=\"western\">\n<ol>\n<li>\n<p align=\"justify\"><span size=\"4\" style=\"font-size: large;\">In der Chorarbeit wird ein wesentlicher Teil der Ziele des St\u00e4dtischen Musikvereins We\u00adsel e.V. verwirklicht. Daher kommt der Arbeit des Chores besondere Bedeutung zu.<\/span><\/p>\n<\/li>\n<li>\n<p align=\"justify\"><span size=\"4\" style=\"font-size: large;\">Durch regelm\u00e4\u00dfig stattfindende Konzerte erf\u00fcllt der Chor traditionsgem\u00e4\u00df eine wichtige Aufgabe im Kulturleben der Stadt Wesel. Um dieser Aufgabe gerecht zu werden, bedarf es der aktiven Mitarbeit und des Einsatzes jedes einzelnen Chormitgliedes.<\/span><\/p>\n<\/li>\n<li>\n<p align=\"justify\"><span size=\"4\" style=\"font-size: large;\">Das Gelingen der Chorkonzerte ist naturgem\u00e4\u00df abh\u00e4ngig von einer intensiven Probenar\u00adbeit. Hierf\u00fcr ist unerl\u00e4sslich, dass jedes Chormitglied sich zum p\u00fcnktlichen und regelm\u00e4\u00ad\u00dfigen Probenbesuch verpflichtet f\u00fchlt.<\/span><\/p>\n<\/li>\n<li>\n<p align=\"justify\"><span size=\"4\" style=\"font-size: large;\">Wer wiederholt unentschuldigt fehlt oder den Anforderungen der Chorarbeit nicht ge\u00adwachsen ist, kann vom Chorleiter von der Mitwirkung an der betreffenden Auff\u00fchrung oder &#8211; in besonders krassen F\u00e4llen &#8211; auf Empfehlung des Chorleiters durch Beschluss des Vorstandes aus dem Chor ausgeschlossen werden.<\/span><\/p>\n<\/li>\n<li>\n<p align=\"justify\"><span size=\"4\" style=\"font-size: large;\">Die Betreuung des Notenmaterials obliegt dem Notenwart, der vom Vorstand bestellt wird.<\/span><\/p>\n<\/li>\n<li>\n<p align=\"justify\"><span size=\"4\" style=\"font-size: large;\">Um die Zusammenarbeit innerhalb des Chores zu erleichtern und den Chorleiter organi\u00adsatorisch zu entlasten, w\u00e4hlt jede Stimme einen Sprecher.<\/span><\/p>\n<\/li>\n<li>\n<p align=\"justify\"><span size=\"4\" style=\"font-size: large;\">Die Stimmensprecher bem\u00fchen sich um den pers\u00f6nlichen Kontakt und den Zusammen\u00adhalt innerhalb ihrer Stimme. Sie unterst\u00fctzen die Zusammenarbeit mit dem Chorleiter (z.B. Orientierung neuer Mitglieder, pers\u00f6nliche Betreuung der Chormitglieder &#8211; Ge\u00adburtstage, Erkrankungen, etc. -W\u00fcnsche und Anregungen zur Chorarbeit, Terminierung der Arbeit mit dem Chorleiter, Weitergabe von Informationen an die Mitglieder der Stim\u00adme, Information fehlender Mitglieder, Unterst\u00fctzung des Notenwartes).<\/span><\/p>\n<\/li>\n<li>\n<p align=\"justify\"><span size=\"4\" style=\"font-size: large;\">Die Stimmensprecher und der Notenwart sollen in wichtigen Angelegenheiten des Cho\u00adres vom Vorstand geh\u00f6rt werden (z.B. Wahl des Dirigenten, Auswahl der Werke, Termi\u00adnierung der Probenarbeit, Wechsel des Probenlokals, Ausschluss von Chormitgliedern).<\/span><\/p>\n<\/li>\n<li>\n<p align=\"justify\"><span size=\"4\" style=\"font-size: large;\">Sollte aus triftigen Gr\u00fcnden ein Chormitglied am Probenbesuch verhindert sein, ist der Stimmensprecher rechtzeitig zu benachrichtigen.<\/span><\/p>\n<\/li>\n<li>\n<p align=\"justify\"><a name=\"_GoBack\"><\/a><span size=\"4\" style=\"font-size: large;\">\u00dcber die Mitwirkung von Gasts\u00e4ngern bei Konzerten entscheidet der Chorleiter in eigener Verantwortung. Gleiches gilt f\u00fcr Chormitglieder, die infolge Studiums o. \u00e4. die Proben nicht regelm\u00e4\u00dfig besuchen k\u00f6nnen.<\/span><\/p>\n<\/li>\n<\/ol>\n<p class=\"western\" align=\"justify\">\n<p class=\"western\"><span size=\"4\" style=\"font-size: large;\">Diese Chorordnung wurde vom Vorstand am 25. Februar 2019 aktualisiert und beschlossen.<\/span><\/p>\n<p>[\/et_pb_text][\/et_pb_column][\/et_pb_row][\/et_pb_section]<\/p>\n","protected":false},"excerpt":{"rendered":"<p>[et_pb_section fb_built=&#8220;1&#8243; _builder_version=&#8220;3.18.7&#8243;][et_pb_row _builder_version=&#8220;3.18.7&#8243;][et_pb_column type=&#8220;4_4&#8243; _builder_version=&#8220;3.18.7&#8243; parallax=&#8220;off&#8220; parallax_method=&#8220;on&#8220;][et_pb_text _builder_version=&#8220;3.18.7&#8243;] Chorordnung f\u00fcr den Chor des St\u00e4dtischen-Musikvereins Wesel e.V. In der Chorarbeit wird ein wesentlicher Teil der Ziele des St\u00e4dtischen Musikvereins We\u00adsel e.V. verwirklicht. Daher kommt der Arbeit des Chores besondere Bedeutung zu. Durch regelm\u00e4\u00dfig stattfindende Konzerte erf\u00fcllt der Chor traditionsgem\u00e4\u00df eine wichtige Aufgabe im Kulturleben der [&hellip;]<\/p>\n","protected":false},"author":1,"featured_media":0,"parent":0,"menu_order":0,"comment_status":"closed","ping_status":"closed","template":"","meta":{"_et_pb_use_builder":"on","_et_pb_old_content":"","footnotes":""},"class_list":["post-3384","page","type-page","status-publish","hentry"],"_links":{"self":[{"href":"https:\/\/www.musikverein-wesel.de\/index.php?rest_route=\/wp\/v2\/pages\/3384","targetHints":{"allow":["GET"]}}],"collection":[{"href":"https:\/\/www.musikverein-wesel.de\/index.php?rest_route=\/wp\/v2\/pages"}],"about":[{"href":"https:\/\/www.musikverein-wesel.de\/index.php?rest_route=\/wp\/v2\/types\/page"}],"author":[{"embeddable":true,"href":"https:\/\/www.musikverein-wesel.de\/index.php?rest_route=\/wp\/v2\/users\/1"}],"replies":[{"embeddable":true,"href":"https:\/\/www.musikverein-wesel.de\/index.php?rest_route=%2Fwp%2Fv2%2Fcomments&post=3384"}],"version-history":[{"count":3,"href":"https:\/\/www.musikverein-wesel.de\/index.php?rest_route=\/wp\/v2\/pages\/3384\/revisions"}],"predecessor-version":[{"id":3387,"href":"https:\/\/www.musikverein-wesel.de\/index.php?rest_route=\/wp\/v2\/pages\/3384\/revisions\/3387"}],"wp:attachment":[{"href":"https:\/\/www.musikverein-wesel.de\/index.php?rest_route=%2Fwp%2Fv2%2Fmedia&parent=3384"}],"curies":[{"name":"wp","href":"https:\/\/api.w.org\/{rel}","templated":true}]}}